i).
-9
Let z(c) = -2*c + 9. Suppose 2*i = -7*m + 10*m + 3, 5*i - 4*m = 18. Suppose -i*f + 24 = -18. Give z(f).
-5
Suppose 0 = 3*u - 20 + 2. Let a = -61 + 67. Let v(q) = 3*q**2 - 8*q**3 - a*q + 5*q**3 - u + 4*q**3. Give v(-4).
2
Let p(a) = -2*a**3 + 13*a**2 + 19*a - 20. Suppose 277*b - 2146 - 70 = 0. Give p(b).
-60
Let d(l) = l**3 + 15*l**2 + 18*l + 56. Let c be d(-14). Let j(a) = c*a - 12*a + 2 + 24*a - a**2. Give j(12).
2
Let m(r) be the third derivative of -r**6/120 - r**5/10 + 5*r**4/12 + 2*r**3 + 7*r**2 + 69. Give m(-7).
-9
Let a(c) = -63*c - 307. Let p(f) = -11*f**2 - 316*f + 82. Let w be p(-29). Determine a(w).
8
Let p(h) = -h. Let r(y) = -y**2 + 3*y + 2. Suppose -42 = 6*k - 6. Let i be r(k). Let m = i - -55. What is p(m)?
-3
Let u(k) = 16*k**2 + 737*k - 35. Let d(r) = 3*r**2 + 136*r - 7. Let b(p) = -11*d(p) + 2*u(p). Give b(-21).
28
Let v(l) be the second derivative of l**3/2 - 25*l**2/2 - 78*l - 2. Give v(8).
-1
Suppose 6*d - 20 = -2. Let r(b) = -69*b + 1 - d + 70*b. Let w be 2 - -2 - -1 - -3. Give r(w).
6
Let f(b) = 6*b**3 + 3*b**2 - 4*b - 2. Let k(j) = 18*j**3 + 8*j**2 - 11*j - 5. Let n(d) = -8*f(d) + 3*k(d). Let o = -17018 - -17019. Determine n(o).
6
Let k(l) = -14*l + 62. Suppose -2*y - 2*h = 0, y + 4*h + 32 = 14. Give k(y).
-22
Let b(y) = -3*y + 19. Let v(c) = 9*c - 39. Let z(l) = 5*b(l) + 2*v(l). Suppose -4*t - 3*g = 13, -3*t - 2 + 6 = 5*g. Calculate z(t).
-4
Let t be (1 + -4 - -4)/(84/16 + -5). Let b(o) = o**2 + 37*o - 163. Determine b(t).
1
Let k = 4199 - 4192. Let j(n) = -n**3 + 9*n**2 - 24*n + 17. What is j(k)?
-53
Let k(m) = 93*m - 82. Let r(q) = 6*q - 4. Let s(n) = k(n) - 16*r(n). What is s(-12)?
18
Let w(f) = f**2 - 9*f + 8. Let p(h) = -49*h + 349. Suppose 5*z = -2*u - u + 21, -21 = -3*u - z. Let i be p(u). Calculate w(i).
-10
Let h(g) = -g**3 + 22*g**2 + 26*g. Let z(v) = -v**2 - 2*v. Let u(a) = h(a) + 4*z(a). Determine u(19).
-19
Let n(y) be the second derivative of y**5/10 + 2*y**4/3 + 3*y**3/2 + 7*y**2 + y - 1515. Give n(-3).
5
Let g(x) = -x - 8 - x + 4*x. Let t(s) = -s**3 + 12*s**2 - 25*s + 306. Let i be t(12). Determine g(i).
4
Let s(m) be the third derivative of -m**5/60 - m**4/24 + 2*m**3/3 - 9*m**2 - 15*m. Calculate s(-2).
2
Let h(s) be the first derivative of s**4/4 - 25*s**3/3 + 25*s**2/2 - 39*s + 8300. Give h(24).
-15
Let o(z) = z. Let b = -18064 + 18087. Determine o(b).
23
Let w(b) = b**2 + 174*b + 2106. Let c be w(-13). Let h(q) = 6*q - 35. Determine h(c).
43
Let n(v) = -333 - 731*v**3 + 316 + 14*v**2 - 11*v + 730*v**3. Suppose 0 = d + 2*d - 39. Determine n(d).
9
Let r(u) be the first derivative of 3/2*u**2 + 2*u + 3/2*u**4 - 77 + 2/3*u**3. Give r(-2).
-44
Let v = -4023 - -4006. Let t(f) = -4*f - 64. Give t(v).
4
Let y(r) = r**2 + 6*r - 3. Suppose 0 = 7*c - 4*c + 6, 0 = f + 2*c. Let g be ((-4)/(-4))/(f/(-28)). Give y(g).
4
Let g(v) = 2 + 2*v**2 - 4*v - 3*v**2 - 1. Suppose 412*c - 415*c - 46 = -4*u, -5*u + 41 = -c. Give g(c).
-11
Let t(w) = 9*w**2 - 199 + 6*w - 12*w**3 - 3*w - 8*w**3 + 21*w**3 + 2*w + 206. Let q be 9*-1 + (0 - -1). What is t(q)?
31
Let z(y) be the first derivative of -y**3 - y**2/2 - y + 1. Let t be -438 - -9 - (-3)/(-1). Let q = t + 430. What is z(q)?
-11
Let f(k) = 14*k - 10 - 1 - 2 - 4*k. Let n be f(2). Let g(h) = -h**2 + 7*h - 7. Determine g(n).
-7
Suppose -11*b = -2*b - 729. Let z = 81 - b. Let x(p) = 11*p + z*p - 2 - 6*p - 4*p. Calculate x(1).
-1
Let j(v) = -40215548*v**2 - v + v**3 - 25 + 40215542*v**2 - 4. Give j(6).
-35
Let b(h) = -h**3 - 46*h**2 - h - 30. Let y be (-6)/(-15) + ((-4)/(-62) - (-496938)/(-10695)). Determine b(y).
16
Let p(s) be the first derivative of 7*s**2/2 - s - 479. Suppose 4*b = -2*z + 12, 0*z + 16 = 3*z + 5*b. Give p(z).
13
Let a(k) = 2*k + 54. Let r(o) = o**3 - 21*o**2 + 59*o - 110. Let w be r(18). Give a(w).
14
Suppose -19*a = 4*a + 138. Let h(y) = -6*y - 37. What is h(a)?
-1
Let h(z) = z**3 - 3*z**2 - 8*z - 2. Let m(g) = 2*g**3 - 5*g**2 - 13*g - 3. Let j(c) = -8*h(c) + 5*m(c). What is j(2)?
11
Let l(f) = -f - 14. Let m(n) = n + 15. Suppose 0 = s - 5*i - 3, 2 = 3*i + 5. Let q(t) = s*m(t) - 3*l(t). Give q(-14).
-2
Let s(p) = -7*p + 3 + 3*p + 3*p + 4. Let b be s(17). Let g(f) = -f**3 - 11*f**2 - 10*f. Calculate g(b).
0
Let w(u) = -73*u + 17. Let q(s) = 62*s - 16. Let l(x) = -7*q(x) - 6*w(x). Determine l(-6).
-14
Let g(n) = -2*n**2 - 269 + 139 - 30*n - n**3 + 20*n + 108. Calculate g(-3).
17
Let p(t) = 11*t - 62*t + 1 + 18*t + 21*t - 3. What is p(2)?
-26
Let s = 8124 + -8126. Let a(l) = 9*l**2 + 21*l - 4. Give a(s).
-10
Suppose -3*a = 3*u - 54, a - 26 = -5*u + 2*u. Suppose 3*b + 0*n = -3*n - 3, -5*n - a = -4*b. Let z(q) = -4*q - 4*q - 4*q + b + 9*q. Calculate z(3).
-8
Let z(u) = 3*u + 19. Let i(s) = -163*s + 30. Let d be i(-2). Let g = 348 - d. Calculate z(g).
-5
Let s(n) = -15*n - 16*n**2 - 6*n**2 - 8*n**2 - 5 + 33*n**2 - 4*n**2. What is s(-6)?
49
Suppose -5*h + 2*t - 106 = 7, -3*h + 4*t - 79 = 0. Let n(m) = m**2 + 26*m + 99. Let b be n(h). Let o(r) = r**2 + 7*r + 9. Calculate o(b).
3
Let b(w) be the third derivative of -13*w**4/12 + w**3/3 - 26*w**2 - 8*w - 9. Determine b(1).
-24
Let u = -33 - -54. Suppose -2*l - 3*w = 17, -u = -0*l + l + 4*w. Let b(o) be the first derivative of -3*o**2 - o + 26. Determine b(l).
5
Let k(q) = -2*q**2 + 3*q + 15. Suppose -b + 5*m - 27 = -6, 27 = -2*b + 5*m. Determine k(b).
-75
Let q(y) = -49*y**2 + 67*y + 1. Let p(o) = -11*o**2 + 14*o. Let s(v) = -9*p(v) + 2*q(v). Calculate s(4).
50
Let x(z) = -z**2 - 6*z + 19. Let d be (-5 - 44/(-8))*56/(-4). What is x(d)?
12
Let x(b) be the third derivative of b**5/60 + 41*b**4/24 - 20*b**3 + 3990*b**2. What is x(3)?
12
Let o = -1983 + 1969. Let d(r) = -r - 16. Give d(o).
-2
Let m(d) = -2*d**2 + 8*d - 2. Let u(g) = -g. Let b(y) = -m(y) - 5*u(y). Let k(x) = x**2 + 143*x - 4004. Let f be k(24). Give b(f).
22
Let l(h) be the second derivative of 0 - 7/4*h**4 - 1/8*h**5 + 1/720*h**6 + 0*h**2 + 0*h**3 + 2*h. Let j(s) be the third derivative of l(s). Calculate j(0).
-15
Let o = 2085 - 8339/4. Let q(x) be the first derivative of -o*x**4 + x**2 - 11 + 4/3*x**3 + 3*x. What is q(4)?
11
Let g(h) = -h**3 - 9*h**2 - 10*h - 20. Let a be g(-8). Let c be 8 + 10/a*2. Let s(p) = p**2 - 4*p - 1 - p**c - 6*p + 9*p. Determine s(-1).
2
Let j(l) = -l**3 - 5*l**2 + 2*l + 7. Suppose 0 = v + 3*w + 3, -2*w - 13 = -3*v - 22. Let g be 2/v*((-33)/(-6) + 2). Calculate j(g).
-3
Let c(r) = r**3 + 7*r**2 + 8*r - 5. Let v(b) = b**3 + 7*b**2 + 9*b - 5. Let m(o) = -4*c(o) + 3*v(o). Suppose 0 = 3*h - 0*h. Let w be -6 + (-1)/3*h. Give m(w).
-1
Let l(o) be the second derivative of -o**5/20 + 7*o**4/12 + 19*o**3/6 - 11*o**2/2 + o - 140. What is l(9)?
-2
Let x be (5/(-30))/((-4)/8)*15. Let f(n) = -3 - 4*n + 0 + 4 + 4 - x*n**2 - n**3. What is f(-4)?
5
Let g(d) be the second derivative of -2*d**2 - 81*d + 0 - 1/2*d**3. What is g(6)?
-22
Let k(s) = -14847*s + 18*s**2 - s**3 + 13 - 39 + 14816*s. Calculate k(16).
-10
Let w = -25 - -38. Let a be (-2 + ((-14)/(-7) - 5))*-1. Let k(z) = 11*z - 6*z + w - a*z + 2*z. What is k(-9)?
-5
Let a(u) = u**2 - u. Let b(v) = -4*v**2 + 5*v + 1. Let w(h) = -18*a(h) - 4*b(h). Suppose -16*f + 15*f - 26*f = -81. What is w(f)?
-28
Let m(n) = 9*n**2 + 17*n + 10. Let i(b) = 3*b**2 + 1. Let y(x) = 2*i(x) - m(x). Let g(h) = h**2 + 8*h + 3. Let o(p) = 5*g(p) + 2*y(p). Determine o(5).
4
Let i(l) = 14 + 0 + 2*l - 3. Let b be (45/13 - 3) + 6305/(-845). Give i(b).
-3
Let c(j) be the first derivative of -3*j**2 + 4*j - 2*j**2 + 3*j**2 - 3*j**2 + 118. Give c(-3).
34
Suppose 13 = 7*g - 15. Let p(c) = -c + 3. Let q(l) = -l + 4. Let a(k) = 4*p(k) - 3*q(k). Let x(t) = -t**2 + 3*t - 4. Let o(v) = -3*a(v) + x(v). Calculate o(g).
4
Let q(v) be the second derivative of -13*v**3/2 - 241*v**2/2 - 2948*v. Determine q(-6).
-7
Let a(c) be the second derivative of c**4/12 - c**3 + 3*c**2/2 - 2791*c - 1. What is a(6)?
3
Let o(t) = -8*t - 22. Let y be o(-6). Suppose -10*k - y = 34. Let x(v) = -10*v - 11. Let c(p) = -p - 1. Let i(w) = 18*c(w) - 2*x(w). Give i(k).
-8
Let b(s) = 3*s**2 + s**2 + 8*s - s**2 - 34 + 4*s**2. Let a(g) = 3*g**2 + 2*g - 17. Let w(f) = 5*a(f) - 2*b(f). Give w(8).
-1
Let c(o) = -3*o**2 - 4*o**3 - 425 - 7*o**2 - 11*o + 2*o**3 + 427 + o**3. Give c(-9).
20
Let j(u) = -3*u**2 + 42*u + 26. Let k(p) = -p**2 + 4*p - 1. Let